{"id":817,"date":"2018-06-28T01:33:31","date_gmt":"2018-06-28T04:33:31","guid":{"rendered":"https:\/\/isfdsalotti-cba.infd.edu.ar\/sitio\/extension-aulica-v-mackenna\/"},"modified":"2023-08-24T20:43:36","modified_gmt":"2023-08-24T23:43:36","slug":"extension-aulica-v-mackenna","status":"publish","type":"page","link":"https:\/\/isfdsalotti-cba.infd.edu.ar\/sitio\/extension-aulica-v-mackenna\/","title":{"rendered":"EXTENSI\u00d3N A\u00daLICA V. MACKENNA"},"content":{"rendered":"<h3 style=\"text-align: center;\"><span style=\"font-size: 18pt;\">Profesorado de Educaci\u00f3n Inicial<\/span><\/h3>\n<table style=\"border-color: #780802; margin-left: auto; margin-right: auto; width: 443px;\" border=\"1\">\n<tbody>\n<tr>\n<td style=\"width: 433px;\" colspan=\"2\">\n<p style=\"text-align: center;\"><strong>PRIMER A\u00d1O<\/strong><\/p>\n<\/td>\n<\/tr>\n<tr>\n<td style=\"width: 433px;\" colspan=\"2\">\n<p style=\"text-align: center;\"><strong>CAMPO DE LA FORMACI\u00d3N GENERAL<\/strong><\/p>\n<\/td>\n<\/tr>\n<tr>\n<td style=\"width: 309px;\"><span style=\"font-weight: 400;\">Pedagog\u00eda<\/span><\/td>\n<td style=\"width: 124px;\"><span style=\"font-weight: 400;\">Asignatura Anual<\/span><\/td>\n<\/tr>\n<tr>\n<td style=\"width: 309px;\"><span style=\"font-weight: 400;\">Problem\u00e1ticas Socioantropol\u00f3gicas en Educaci\u00f3n<\/span><\/td>\n<td style=\"width: 124px;\"><span style=\"font-weight: 400;\">Seminario Anual<\/span><\/td>\n<\/tr>\n<tr>\n<td style=\"width: 309px;\"><span style=\"font-weight: 400;\">Psicolog\u00eda y Educaci\u00f3n<\/span><\/td>\n<td style=\"width: 124px;\"><span style=\"font-weight: 400;\">Asignatura Anual<\/span><\/td>\n<\/tr>\n<tr>\n<td style=\"width: 309px;\"><span style=\"font-weight: 400;\">Argentina en el Mundo Contempor\u00e1neo<\/span><\/td>\n<td style=\"width: 124px;\"><span style=\"font-weight: 400;\">Asignatura Anual<\/span><\/td>\n<\/tr>\n<tr>\n<td style=\"width: 309px;\"><span style=\"font-weight: 400;\">Lenguaje Digital y Audiovisual<\/span><\/td>\n<td style=\"width: 124px;\"><span style=\"font-weight: 400;\">Taller Anual<\/span><\/td>\n<\/tr>\n<tr>\n<td style=\"width: 309px;\"><span style=\"font-weight: 400;\">Lenguaje Corporal<\/span><\/td>\n<td style=\"width: 124px;\"><span style=\"font-weight: 400;\">Taller Anual<\/span><\/td>\n<\/tr>\n<tr>\n<td style=\"width: 433px;\" colspan=\"2\">\n<p style=\"text-align: center;\"><strong>CAMPO DE LA PR\u00c1CTICA DOCENTE<\/strong><\/p>\n<\/td>\n<\/tr>\n<tr>\n<td style=\"width: 309px;\"><span style=\"font-weight: 400;\">Pr\u00e1ctica Docente I: Contextos y Pr\u00e1cticas Educativas<\/span><\/td>\n<td style=\"width: 124px;\"><span style=\"font-weight: 400;\">Seminario Anual<\/span><\/p>\n<p><span style=\"font-weight: 400;\">Taller Integrador<\/span><\/td>\n<\/tr>\n<tr>\n<td style=\"width: 433px;\" colspan=\"2\">\n<p style=\"text-align: center;\"><strong>CAMPO DE LA FORMACI\u00d3N ESPEC\u00cdFICA<\/strong><\/p>\n<\/td>\n<\/tr>\n<tr>\n<td style=\"width: 309px;\"><span style=\"font-weight: 400;\">Educaci\u00f3n Inicial: Jard\u00edn Maternal<\/span><\/td>\n<td style=\"width: 124px;\"><span style=\"font-weight: 400;\">Asignatura Anual<\/span><\/td>\n<\/tr>\n<tr>\n<td style=\"width: 309px;\"><span style=\"font-weight: 400;\">Oralidad, Lectura y Escritura<\/span><\/td>\n<td style=\"width: 124px;\"><span style=\"font-weight: 400;\">Taller Anual<\/span><\/td>\n<\/tr>\n<tr>\n<td style=\"width: 309px;\"><span style=\"font-weight: 400;\">Educaci\u00f3n Art\u00edstica: M\u00fasica<\/span><\/p>\n<p>Alfabetizaci\u00f3n en Lengua Inglesa<\/td>\n<td style=\"width: 124px;\"><span style=\"font-weight: 400;\">Taller Anual<\/span><\/p>\n<p>Seminario Anual<\/td>\n<\/tr>\n<\/tbody>\n<\/table>\n<table style=\"width: 451.5px; border-color: #780404; margin-left: auto; margin-right: auto;\" border=\"1\">\n<tbody>\n<tr>\n<td style=\"width: 442.5px;\" colspan=\"2\">\n<p style=\"text-align: center;\"><strong>SEGUNDO A\u00d1O<\/strong><\/p>\n<\/td>\n<\/tr>\n<tr>\n<td style=\"width: 442.5px;\" colspan=\"2\">\n<p style=\"text-align: center;\"><strong>CAMPO DE LA FORMACI\u00d3N GENERAL<\/strong><\/p>\n<\/td>\n<\/tr>\n<tr>\n<td style=\"width: 327px;\"><span style=\"font-weight: 400;\">Filosof\u00eda y Educaci\u00f3n<\/span><\/td>\n<td style=\"width: 115.5px;\"><span style=\"font-weight: 400;\">Asignatura Anual<\/span><\/td>\n<\/tr>\n<tr>\n<td style=\"width: 327px;\"><span style=\"font-weight: 400;\">Did\u00e1ctica General<\/span><\/td>\n<td style=\"width: 115.5px;\"><span style=\"font-weight: 400;\">Asignatura Anual<\/span><\/td>\n<\/tr>\n<tr>\n<td style=\"width: 442.5px;\" colspan=\"2\">\n<p style=\"text-align: center;\"><strong>CAMPO DE LA PR\u00c1CTICA DOCENTE<\/strong><\/p>\n<\/td>\n<\/tr>\n<tr>\n<td style=\"width: 327px;\"><span style=\"font-weight: 400;\">Pr\u00e1ctica Docente II: Escuelas, Historias Documentadas y Cotidianeidad<\/span><\/td>\n<td style=\"width: 115.5px;\"><span style=\"font-weight: 400;\">Seminario Anual<\/span><\/p>\n<p><span style=\"font-weight: 400;\">Taller Integrador<\/span><\/td>\n<\/tr>\n<tr>\n<td style=\"width: 442.5px;\" colspan=\"2\">\n<p style=\"text-align: center;\"><strong>CAMPO DE LA FORMACI\u00d3N ESPEC\u00cdFICA<\/strong><\/p>\n<\/td>\n<\/tr>\n<tr>\n<td style=\"width: 327px;\"><span style=\"font-weight: 400;\">Desarrollo del Pensamiento Matem\u00e1tico<\/span><\/td>\n<td style=\"width: 115.5px;\"><span style=\"font-weight: 400;\">Taller Anual<\/span><\/td>\n<\/tr>\n<tr>\n<td style=\"width: 327px;\"><span style=\"font-weight: 400;\"> \u00a0\u00a0\u00a0\u00a0\u00a0\u00a0\u00a0\u00a0\u00a0\u00a0\u00a0\u00a0\u00a0\u00a0\u00a0\u00a0\u00a0\u00a0\u00a0\u00a0\u00a0Lengua y su did\u00e1ctica<\/span><\/p>\n<p style=\"text-align: center;\"><span style=\"font-weight: 400;\">Lengua \u00a0\u00a0<\/span><\/p>\n<p><span style=\"font-weight: 400;\"> \u00a0\u00a0\u00a0\u00a0\u00a0\u00a0\u00a0\u00a0\u00a0\u00a0\u00a0\u00a0\u00a0\u00a0\u00a0\u00a0\u00a0\u00a0\u00a0\u00a0\u00a0Alfabetizaci\u00f3n Inicial<\/span><\/td>\n<td style=\"width: 115.5px;\"><span style=\"font-weight: 400;\">Asignatura 1\u00b0 Cuatrimestre<\/span><\/p>\n<p><span style=\"font-weight: 400;\">Seminario 2\u00b0 Cuatrimestre<\/span><\/td>\n<\/tr>\n<tr>\n<td style=\"width: 327px;\"><span style=\"font-weight: 400;\">Ciencias Naturales y su Did\u00e1ctica<\/span><\/td>\n<td style=\"width: 115.5px;\"><span style=\"font-weight: 400;\">Asignatura Anual<\/span><\/td>\n<\/tr>\n<tr>\n<td style=\"width: 327px;\"><span style=\"font-weight: 400;\">Sujetos de la Educaci\u00f3n y Convivencia Escolar<\/span><\/td>\n<td style=\"width: 115.5px;\"><span style=\"font-weight: 400;\">Seminario Anual<\/span><\/td>\n<\/tr>\n<tr>\n<td style=\"width: 327px;\"><span style=\"font-weight: 400;\">Educaci\u00f3n Art\u00edstica: Pl\u00e1stica<\/span><\/td>\n<td style=\"width: 115.5px;\"><span style=\"font-weight: 400;\">Taller Anual<\/span><\/td>\n<\/tr>\n<tr>\n<td style=\"width: 327px;\"><span style=\"font-weight: 400;\">TIC y la Ense\u00f1anza en el Nivel Inicial<\/span><\/td>\n<td style=\"width: 115.5px;\"><span style=\"font-weight: 400;\">Taller Anual<\/span><\/td>\n<\/tr>\n<tr>\n<td style=\"width: 327px;\"><span style=\"font-weight: 400;\">Dise\u00f1o y Construcci\u00f3n de Material Did\u00e1ctico<\/span><\/p>\n<p>Seminario I: Educaci\u00f3n Rural<\/td>\n<td style=\"width: 115.5px;\"><span style=\"font-weight: 400;\">Taller Anual<\/span><\/p>\n<p>Seminario Anual<\/td>\n<\/tr>\n<\/tbody>\n<\/table>\n<table style=\"border-color: #780202; margin-left: auto; margin-right: auto; width: 446px;\" border=\"1\">\n<tbody>\n<tr>\n<td style=\"width: 436px;\" colspan=\"2\">\n<p style=\"text-align: center;\"><strong>TERCER A\u00d1O<\/strong><\/p>\n<\/td>\n<\/tr>\n<tr>\n<td style=\"width: 436px;\" colspan=\"2\">\n<p style=\"text-align: center;\"><strong>CAMPO DE LA FORMACI\u00d3N GENERAL<\/strong><\/p>\n<\/td>\n<\/tr>\n<tr>\n<td style=\"width: 326.5px;\"><span style=\"font-weight: 400;\">Historia y Pol\u00edtica de la Educaci\u00f3n Argentina<\/span><\/td>\n<td style=\"width: 109.5px;\"><span style=\"font-weight: 400;\">Asignatura Anual<\/span><\/td>\n<\/tr>\n<tr>\n<td style=\"width: 436px;\" colspan=\"2\">\n<p style=\"text-align: center;\"><strong>CAMPO DE LA PR\u00c1CTICA DOCENTE<\/strong><\/p>\n<\/td>\n<\/tr>\n<tr>\n<td style=\"width: 326.5px;\"><span style=\"font-weight: 400;\">Pr\u00e1ctica Docente III: La Sala: Espacio del Aprender y del Ense\u00f1ar<\/span><\/td>\n<td style=\"width: 109.5px;\"><span style=\"font-weight: 400;\">Seminario Anual<\/span><\/p>\n<p><span style=\"font-weight: 400;\">Taller Integrador<\/span><\/td>\n<\/tr>\n<tr>\n<td style=\"width: 436px;\" colspan=\"2\">\n<p style=\"text-align: center;\"><strong>CAMPO DE LA FORMACI\u00d3N ESPEC\u00cdFICA<\/strong><\/p>\n<\/td>\n<\/tr>\n<tr>\n<td style=\"width: 326.5px;\"><span style=\"font-weight: 400;\">Matem\u00e1tica y su Did\u00e1ctica<\/span><\/td>\n<td style=\"width: 109.5px;\"><span style=\"font-weight: 400;\">Asignatura Anual<\/span><\/td>\n<\/tr>\n<tr>\n<td style=\"width: 326.5px;\"><span style=\"font-weight: 400;\">Literatura en el Nivel Inicial<\/span><\/td>\n<td style=\"width: 109.5px;\"><span style=\"font-weight: 400;\">Asignatura Anual<\/span><\/td>\n<\/tr>\n<tr>\n<td style=\"width: 326.5px;\"><span style=\"font-weight: 400;\">Ciencias Sociales y su Did\u00e1ctica<\/span><\/td>\n<td style=\"width: 109.5px;\"><span style=\"font-weight: 400;\">Asignatura Anual<\/span><\/td>\n<\/tr>\n<tr>\n<td style=\"width: 326.5px;\"><span style=\"font-weight: 400;\"> \u00a0\u00a0\u00a0\u00a0\u00a0\u00a0\u00a0\u00a0\u00a0\u00a0\u00a0\u00a0\u00a0\u00a0\u00a0\u00a0\u00a0\u00a0\u00a0\u00a0\u00a0\u00a0\u00a0Educaci\u00f3n para la Salud<\/span><\/p>\n<p><span style=\"font-weight: 400;\">Ciencias Naturales<\/span><\/p>\n<p><span style=\"font-weight: 400;\"> \u00a0\u00a0\u00a0\u00a0\u00a0\u00a0\u00a0\u00a0\u00a0\u00a0\u00a0\u00a0\u00a0\u00a0\u00a0\u00a0\u00a0\u00a0\u00a0\u00a0\u00a0\u00a0\u00a0Educaci\u00f3n Ambiental<\/span><\/td>\n<td style=\"width: 109.5px;\"><span style=\"font-weight: 400;\">Seminario 1\u00b0 Cuatrimestre<\/span><\/p>\n<p><span style=\"font-weight: 400;\">Seminario 2\u00b0 Cuatrimestre<\/span><\/td>\n<\/tr>\n<tr>\n<td style=\"width: 326.5px;\"><span style=\"font-weight: 400;\">Educaci\u00f3n F\u00edsica en JM y JI<\/span><\/p>\n<p>Seminario II: Educaci\u00f3n Rural<\/td>\n<td style=\"width: 109.5px;\"><span style=\"font-weight: 400;\">Taller Anual<\/span><\/p>\n<p>Seminario Anual<\/td>\n<\/tr>\n<\/tbody>\n<\/table>\n<table style=\"border-color: #780101; margin-left: auto; margin-right: auto; width: 444px;\" border=\"1\">\n<tbody>\n<tr>\n<td style=\"width: 432px;\" colspan=\"2\">\n<p style=\"text-align: center;\"><strong>CUARTO A\u00d1O<\/strong><\/p>\n<\/td>\n<\/tr>\n<tr>\n<td style=\"width: 432px;\" colspan=\"2\">\n<p style=\"text-align: center;\"><strong>CAMPO DE LA FORMACI\u00d3N GENERAL<\/strong><\/p>\n<\/td>\n<\/tr>\n<tr>\n<td style=\"width: 326.5px;\"><span style=\"font-weight: 400;\">\u00c9tica y Construcci\u00f3n Ciudadana<\/span><\/td>\n<td style=\"width: 105.5px;\"><span style=\"font-weight: 400;\">Seminaria Anual<\/span><\/td>\n<\/tr>\n<tr>\n<td style=\"width: 432px;\" colspan=\"2\">\n<p style=\"text-align: center;\"><strong>CAMPO DE LA PR\u00c1CTICA DOCENTE<\/strong><\/p>\n<\/td>\n<\/tr>\n<tr>\n<td style=\"width: 326.5px;\"><span style=\"font-weight: 400;\">Pr\u00e1ctica Docente IV y Residencia: Recrear las Pr\u00e1cticas Docentes<\/span><\/td>\n<td style=\"width: 105.5px;\"><span style=\"font-weight: 400;\">Seminario Anual<\/span><\/td>\n<\/tr>\n<tr>\n<td style=\"width: 432px;\" colspan=\"2\">\n<p style=\"text-align: center;\"><strong>CAMPO DE LA FORMACI\u00d3N ESPEC\u00cdFICA<\/strong><\/p>\n<\/td>\n<\/tr>\n<tr>\n<td style=\"width: 326.5px;\"><span style=\"font-weight: 400;\">Problem\u00e1ticas y Desaf\u00edos del Nivel Inicial: JM y JI<\/span><\/td>\n<td style=\"width: 105.5px;\"><span style=\"font-weight: 400;\">Seminario Anual<\/span><\/td>\n<\/tr>\n<tr>\n<td style=\"width: 326.5px;\"><span style=\"font-weight: 400;\">Educaci\u00f3n Art\u00edstica: Teatro <\/span><\/td>\n<td style=\"width: 105.5px;\"><span style=\"font-weight: 400;\">Taller Anual<\/span><\/td>\n<\/tr>\n<tr>\n<td style=\"width: 326.5px;\"><span style=\"font-weight: 400;\">Educaci\u00f3n Sexual Integral<\/span><\/p>\n<p>Trabajo de Campo<\/td>\n<td style=\"width: 105.5px;\"><span style=\"font-weight: 400;\">Seminario Anual<\/span><\/p>\n<p>Seminario Anual<\/td>\n<\/tr>\n<\/tbody>\n<\/table>\n<h3 style=\"text-align: center;\"><span style=\"font-size: 18pt;\"><strong>Profesorado de Educaci\u00f3n Primaria<\/strong><\/span><\/h3>\n<table style=\"width: 444px; border-color: #021866; margin-left: auto; margin-right: auto;\" border=\"1\">\n<tbody>\n<tr>\n<td style=\"width: 434px;\" colspan=\"2\">\n<p style=\"text-align: center;\"><strong>PRIMER A\u00d1O<\/strong><\/p>\n<\/td>\n<\/tr>\n<tr>\n<td style=\"width: 434px;\" colspan=\"2\">\n<p style=\"text-align: center;\"><strong>CAMPO DE LA FORMACI\u00d3N GENERAL<\/strong><\/p>\n<\/td>\n<\/tr>\n<tr>\n<td style=\"width: 333.5px;\"><span style=\"font-weight: 400;\">Pedagog\u00eda<\/span><\/td>\n<td style=\"width: 100.5px;\"><span style=\"font-weight: 400;\">Asignatura Anual<\/span><\/td>\n<\/tr>\n<tr>\n<td style=\"width: 333.5px;\"><span style=\"font-weight: 400;\">Problem\u00e1ticas Socioantropol\u00f3gicas en Educaci\u00f3n<\/span><\/td>\n<td style=\"width: 100.5px;\"><span style=\"font-weight: 400;\">Seminario Anual<\/span><\/td>\n<\/tr>\n<tr>\n<td style=\"width: 333.5px;\"><span style=\"font-weight: 400;\">Psicolog\u00eda y Educaci\u00f3n<\/span><\/td>\n<td style=\"width: 100.5px;\"><span style=\"font-weight: 400;\">Asignatura Anual<\/span><\/td>\n<\/tr>\n<tr>\n<td style=\"width: 333.5px;\"><span style=\"font-weight: 400;\">Argentina en el Mundo Contempor\u00e1neo<\/span><\/td>\n<td style=\"width: 100.5px;\"><span style=\"font-weight: 400;\">Asignatura Anual<\/span><\/td>\n<\/tr>\n<tr>\n<td style=\"width: 333.5px;\"><span style=\"font-weight: 400;\">Lenguaje Digital y Audiovisual<\/span><\/td>\n<td style=\"width: 100.5px;\"><span style=\"font-weight: 400;\">Taller Anual<\/span><\/td>\n<\/tr>\n<tr>\n<td style=\"width: 333.5px;\"><span style=\"font-weight: 400;\">Lenguaje Corporal<\/span><\/td>\n<td style=\"width: 100.5px;\"><span style=\"font-weight: 400;\">Taller Anual<\/span><\/td>\n<\/tr>\n<tr>\n<td style=\"width: 434px;\" colspan=\"2\">\n<p style=\"text-align: center;\"><strong>CAMPO DE LA PR\u00c1CTICA DOCENTE<\/strong><\/p>\n<\/td>\n<\/tr>\n<tr>\n<td style=\"width: 333.5px;\"><span style=\"font-weight: 400;\">Pr\u00e1ctica Docente I:<\/span><\/p>\n<p><span style=\"font-weight: 400;\">Contextos y Pr\u00e1cticas Educativas<\/span><\/td>\n<td style=\"width: 100.5px;\"><span style=\"font-weight: 400;\">Seminario<\/span><\/p>\n<p><span style=\"font-weight: 400;\">Taller Integrador<\/span><\/td>\n<\/tr>\n<tr>\n<td style=\"width: 434px;\" colspan=\"2\">\n<p style=\"text-align: center;\"><strong>CAMPO DE LA FORMACI\u00d3N ESPEC\u00cdFICA<\/strong><\/p>\n<\/td>\n<\/tr>\n<tr>\n<td style=\"width: 333.5px;\"><span style=\"font-weight: 400;\">Desarrollo del Pensamiento Matem\u00e1tico<\/span><\/td>\n<td style=\"width: 100.5px;\"><span style=\"font-weight: 400;\">Taller Anual<\/span><\/td>\n<\/tr>\n<tr>\n<td style=\"width: 333.5px;\"><span style=\"font-weight: 400;\">Oralidad, Lectura y Escritura<\/span><\/td>\n<td style=\"width: 100.5px;\"><span style=\"font-weight: 400;\">Taller Anual<\/span><\/td>\n<\/tr>\n<tr>\n<td style=\"width: 333.5px;\"><span style=\"font-weight: 400;\">Alfabetizaci\u00f3n en Lengua Inglesa<\/span><\/td>\n<td style=\"width: 100.5px;\"><span style=\"font-weight: 400;\">Seminario Anual<\/span><\/td>\n<\/tr>\n<\/tbody>\n<\/table>\n<table style=\"border-color: #020799; margin-left: auto; margin-right: auto; width: 445px;\" border=\"1\">\n<tbody>\n<tr>\n<td style=\"width: 433px;\" colspan=\"2\">\n<p style=\"text-align: center;\"><strong>SEGUNDO A\u00d1O<\/strong><\/p>\n<\/td>\n<\/tr>\n<tr>\n<td style=\"width: 433px;\" colspan=\"2\">\n<p style=\"text-align: center;\"><strong>CAMPO DE LA FORMACI\u00d3N GENERAL<\/strong><\/p>\n<\/td>\n<\/tr>\n<tr>\n<td style=\"width: 335px;\"><span style=\"font-weight: 400;\">Filosof\u00eda y Educaci\u00f3n<\/span><\/td>\n<td style=\"width: 98px;\"><span style=\"font-weight: 400;\">Asignatura Anual<\/span><\/td>\n<\/tr>\n<tr>\n<td style=\"width: 335px;\"><span style=\"font-weight: 400;\">Did\u00e1ctica General<\/span><\/td>\n<td style=\"width: 98px;\"><span style=\"font-weight: 400;\">Asignatura Anual<\/span><\/td>\n<\/tr>\n<tr>\n<td style=\"width: 335px;\"><span style=\"font-weight: 400;\">Lenguaje Art\u00edstico Expresivo<\/span><\/td>\n<td style=\"width: 98px;\"><span style=\"font-weight: 400;\">Taller Aula<\/span><\/td>\n<\/tr>\n<tr>\n<td style=\"width: 433px;\" colspan=\"2\">\n<p style=\"text-align: center;\"><strong>CAMPO DE LA PR\u00c1CTICA DOCENTE<\/strong><\/p>\n<\/td>\n<\/tr>\n<tr>\n<td style=\"width: 335px;\"><span style=\"font-weight: 400;\">Pr\u00e1ctica Docente II:<\/span><\/p>\n<p><span style=\"font-weight: 400;\">Escuelas, Historias Documentadas y Cotidianeidad<\/span><\/td>\n<td style=\"width: 98px;\"><span style=\"font-weight: 400;\">Seminario Anual<\/span><\/p>\n<p><span style=\"font-weight: 400;\">Taller Integrador<\/span><\/td>\n<\/tr>\n<tr>\n<td style=\"width: 433px;\" colspan=\"2\">\n<p style=\"text-align: center;\"><strong>CAMPO DE LA FORMACI\u00d3N ESPEC\u00cdFICA<\/strong><\/p>\n<\/td>\n<\/tr>\n<tr>\n<td style=\"width: 335px;\"><span style=\"font-weight: 400;\">Matem\u00e1tica y su Did\u00e1ctica I<\/span><\/td>\n<td style=\"width: 98px;\"><span style=\"font-weight: 400;\">Asignatura Anual<\/span><\/td>\n<\/tr>\n<tr>\n<td style=\"width: 335px;\"><span style=\"font-weight: 400;\">Lengua y su Did\u00e1ctica<\/span><\/td>\n<td style=\"width: 98px;\"><span style=\"font-weight: 400;\">Asignatura Anual<\/span><\/td>\n<\/tr>\n<tr>\n<td style=\"width: 335px;\"><span style=\"font-weight: 400;\">Ciencias Naturales y su Did\u00e1ctica I<\/span><\/td>\n<td style=\"width: 98px;\"><span style=\"font-weight: 400;\">Asignatura Anual<\/span><\/td>\n<\/tr>\n<tr>\n<td style=\"width: 335px;\"><span style=\"font-weight: 400;\">Ciencias Sociales y su Did\u00e1ctica I<\/span><\/td>\n<td style=\"width: 98px;\"><span style=\"font-weight: 400;\">Asignatura Anual<\/span><\/td>\n<\/tr>\n<tr>\n<td style=\"width: 335px;\"><span style=\"font-weight: 400;\">Sujetos de la Educaci\u00f3n y Convivencia Escolar<\/span><\/td>\n<td style=\"width: 98px;\"><span style=\"font-weight: 400;\">Seminario Anual<\/span><\/td>\n<\/tr>\n<tr>\n<td style=\"width: 335px;\"><span style=\"font-weight: 400;\">Seminario I: Lengua Extranjera Ingl\u00e9s\u00a0<\/span><\/td>\n<td style=\"width: 98px;\"><span style=\"font-weight: 400;\">Seminario Anual<\/span><\/td>\n<\/tr>\n<\/tbody>\n<\/table>\n<table style=\"border-color: #021775; margin-left: auto; margin-right: auto; width: 447.5px;\" border=\"1\">\n<tbody>\n<tr>\n<td style=\"width: 444.5px;\" colspan=\"2\">\n<p style=\"text-align: center;\"><strong>TERCER A\u00d1O<\/strong><\/p>\n<\/td>\n<\/tr>\n<tr>\n<td style=\"width: 444.5px;\" colspan=\"2\">\n<p style=\"text-align: center;\"><strong>CAMPO DE LA FORMACI\u00d3N GENERAL<\/strong><\/p>\n<\/td>\n<\/tr>\n<tr>\n<td style=\"width: 340px;\"><span style=\"font-weight: 400;\">Historia y Pol\u00edtica de la Educaci\u00f3n Argentina<\/span><\/td>\n<td style=\"width: 104.5px;\"><span style=\"font-weight: 400;\">Asignatura Anual<\/span><\/td>\n<\/tr>\n<tr>\n<td style=\"width: 444.5px;\" colspan=\"2\">\n<p style=\"text-align: center;\"><strong>CAMPO DE LA FORMACI\u00d3N DOCENTE<\/strong><\/p>\n<\/td>\n<\/tr>\n<tr>\n<td style=\"width: 340px;\"><span style=\"font-weight: 400;\">Pr\u00e1ctica Docente III:<\/span><\/p>\n<p><span style=\"font-weight: 400;\">El aula, Espacio del Aprender y del Ense\u00f1ar<\/span><\/td>\n<td style=\"width: 104.5px;\"><span style=\"font-weight: 400;\">Seminario Anual<\/span><\/p>\n<p><span style=\"font-weight: 400;\">Taller Integrador<\/span><\/td>\n<\/tr>\n<tr>\n<td style=\"width: 444.5px;\" colspan=\"2\">\n<p style=\"text-align: center;\"><strong>CAMPO DE LA FORMACI\u00d3N ESPEC\u00cdFICA<\/strong><\/p>\n<\/td>\n<\/tr>\n<tr>\n<td style=\"width: 340px;\"><span style=\"font-weight: 400;\">Matem\u00e1tica y su Did\u00e1ctica II<\/span><\/td>\n<td style=\"width: 104.5px;\"><span style=\"font-weight: 400;\">Asignatura Anual<\/span><\/td>\n<\/tr>\n<tr>\n<td style=\"width: 340px;\"><span style=\"font-weight: 400;\">Literatura en el Nivel Primario<\/span><\/td>\n<td style=\"width: 104.5px;\"><span style=\"font-weight: 400;\">Asignatura Anual<\/span><\/td>\n<\/tr>\n<tr>\n<td style=\"width: 340px;\"><span style=\"font-weight: 400;\">Alfabetizaci\u00f3n Inicial<\/span><\/td>\n<td style=\"width: 104.5px;\"><span style=\"font-weight: 400;\">Seminario Anual<\/span><\/td>\n<\/tr>\n<tr>\n<td style=\"width: 340px;\"><span style=\"font-weight: 400;\">Ciencias Naturales y su Did\u00e1ctica II<\/span><\/td>\n<td style=\"width: 104.5px;\"><span style=\"font-weight: 400;\">Asignatura Anual<\/span><\/td>\n<\/tr>\n<tr>\n<td style=\"width: 340px;\"><span style=\"font-weight: 400;\">Taller de Ciencias en la Escuela*<\/span><\/td>\n<td style=\"width: 104.5px;\"><span style=\"font-weight: 400;\">Taller Anual<\/span><\/td>\n<\/tr>\n<tr>\n<td style=\"width: 340px;\"><span style=\"font-weight: 400;\">Ciencias Sociales y su Did\u00e1ctica II<\/span><\/td>\n<td style=\"width: 104.5px;\"><span style=\"font-weight: 400;\">Asignatura Anual<\/span><\/td>\n<\/tr>\n<tr>\n<td style=\"width: 340px;\"><span style=\"font-weight: 400;\">Educaci\u00f3n Art\u00edstico Expresiva<\/span><\/td>\n<td style=\"width: 104.5px;\"><span style=\"font-weight: 400;\">Taller Integrador<\/span><\/td>\n<\/tr>\n<tr>\n<td style=\"width: 340px;\"><span style=\"font-weight: 400;\">TIC y la Ense\u00f1anza en el Nivel Primario<\/span><\/td>\n<td style=\"width: 104.5px;\"><span style=\"font-weight: 400;\">Seminario Anual<\/span><\/td>\n<\/tr>\n<tr>\n<td style=\"width: 340px;\"><span style=\"font-weight: 400;\">Seminario II: Lengua Extranjera Ingl\u00e9s <\/span><\/td>\n<td style=\"width: 104.5px;\"><span style=\"font-weight: 400;\">Seminario Anual<\/span><\/td>\n<\/tr>\n<\/tbody>\n<\/table>\n<p style=\"text-align: center;\"><span style=\"font-weight: 400;\">*Taller abordado en forma conjunta por los docentes de Ciencias Sociales y Naturales.<\/span><\/p>\n<table style=\"border-color: #020f7d; margin-left: auto; margin-right: auto; width: 452px;\" border=\"1\">\n<tbody>\n<tr>\n<td style=\"width: 446px;\" colspan=\"2\">\n<p style=\"text-align: center;\"><strong>CUARTO A\u00d1O<\/strong><\/p>\n<\/td>\n<\/tr>\n<tr>\n<td style=\"width: 446px;\" colspan=\"2\">\n<p style=\"text-align: center;\"><strong>CAMPO DE LA FORMACI\u00d3N GENERAL<\/strong><\/p>\n<\/td>\n<\/tr>\n<tr>\n<td style=\"width: 341.5px;\"><span style=\"font-weight: 400;\">\u00c9tica y Construcci\u00f3n de Ciudadan\u00eda<\/span><\/td>\n<td style=\"width: 104.5px;\"><span style=\"font-weight: 400;\">Seminario Anual<\/span><\/td>\n<\/tr>\n<tr>\n<td style=\"width: 446px;\" colspan=\"2\">\n<p style=\"text-align: center;\"><strong>CAMPO DE LA PR\u00c1CTICA DOCENTE<\/strong><\/p>\n<\/td>\n<\/tr>\n<tr>\n<td style=\"width: 341.5px;\"><span style=\"font-weight: 400;\">Pr\u00e1ctica Docente IV y Residencia:<\/span><\/p>\n<p><span style=\"font-weight: 400;\">Recrear las Pr\u00e1cticas Docentes<\/span><\/td>\n<td style=\"width: 104.5px;\"><span style=\"font-weight: 400;\">Seminario Anual<\/span><\/td>\n<\/tr>\n<tr>\n<td style=\"width: 446px;\" colspan=\"2\">\n<p style=\"text-align: center;\"><strong>CAMPO DE LA FORMACI\u00d3N ESPEC\u00cdFICA<\/strong><\/p>\n<\/td>\n<\/tr>\n<tr>\n<td style=\"width: 341.5px;\"><span style=\"font-weight: 400;\">Problem\u00e1ticas y Desaf\u00edos del Nivel Primario<\/span><\/td>\n<td style=\"width: 104.5px;\"><span style=\"font-weight: 400;\">Seminario Anual<\/span><\/td>\n<\/tr>\n<tr>\n<td style=\"width: 341.5px;\"><span style=\"font-weight: 400;\">Educaci\u00f3n F\u00edsica en el Nivel Primario<\/span><\/td>\n<td style=\"width: 104.5px;\"><span style=\"font-weight: 400;\">Taller Anual<\/span><\/td>\n<\/tr>\n<tr>\n<td style=\"width: 341.5px;\"><span style=\"font-weight: 400;\">Educaci\u00f3n Sexual Integral<\/span><\/p>\n<p>Trabajo de Campo<\/td>\n<td style=\"width: 104.5px;\"><span style=\"font-weight: 400;\">Seminario Anual<\/span><\/p>\n<p>Seminario Anual<\/td>\n<\/tr>\n<\/tbody>\n<\/table>\n","protected":false},"excerpt":{"rendered":"<p>Profesorado de Educaci\u00f3n Inicial PRIMER A\u00d1O CAMPO DE LA FORMACI\u00d3N GENERAL Pedagog\u00eda Asignatura Anual Problem\u00e1ticas Socioantropol\u00f3gicas en Educaci\u00f3n Seminario Anual Psicolog\u00eda y Educaci\u00f3n Asignatura Anual Argentina en el Mundo Contempor\u00e1neo Asignatura Anual Lenguaje Digital y Audiovisual Taller Anual Lenguaje Corporal Taller Anual CAMPO DE LA PR\u00c1CTICA DOCENTE Pr\u00e1ctica Docente I: Contextos y Pr\u00e1cticas Educativas Seminario &#8230; <a title=\"EXTENSI\u00d3N A\u00daLICA V. MACKENNA\" class=\"read-more\" href=\"https:\/\/isfdsalotti-cba.infd.edu.ar\/sitio\/extension-aulica-v-mackenna\/\" aria-label=\"More on EXTENSI\u00d3N A\u00daLICA V. MACKENNA\">[+]<\/a><\/p>\n","protected":false},"author":176,"featured_media":0,"parent":0,"menu_order":0,"comment_status":"closed","ping_status":"closed","template":"","meta":[],"acf":[],"_links":{"self":[{"href":"https:\/\/isfdsalotti-cba.infd.edu.ar\/sitio\/wp-json\/wp\/v2\/pages\/817"}],"collection":[{"href":"https:\/\/isfdsalotti-cba.infd.edu.ar\/sitio\/wp-json\/wp\/v2\/pages"}],"about":[{"href":"https:\/\/isfdsalotti-cba.infd.edu.ar\/sitio\/wp-json\/wp\/v2\/types\/page"}],"author":[{"embeddable":true,"href":"https:\/\/isfdsalotti-cba.infd.edu.ar\/sitio\/wp-json\/wp\/v2\/users\/176"}],"replies":[{"embeddable":true,"href":"https:\/\/isfdsalotti-cba.infd.edu.ar\/sitio\/wp-json\/wp\/v2\/comments?post=817"}],"version-history":[{"count":1,"href":"https:\/\/isfdsalotti-cba.infd.edu.ar\/sitio\/wp-json\/wp\/v2\/pages\/817\/revisions"}],"predecessor-version":[{"id":1107,"href":"https:\/\/isfdsalotti-cba.infd.edu.ar\/sitio\/wp-json\/wp\/v2\/pages\/817\/revisions\/1107"}],"wp:attachment":[{"href":"https:\/\/isfdsalotti-cba.infd.edu.ar\/sitio\/wp-json\/wp\/v2\/media?parent=817"}],"curies":[{"name":"wp","href":"https:\/\/api.w.org\/{rel}","templated":true}]}}